{"id":865,"date":"2020-12-25T16:21:37","date_gmt":"2020-12-25T16:21:37","guid":{"rendered":"http:\/\/coupdecoeurvoyage.com\/?page_id=865"},"modified":"2021-04-03T10:55:19","modified_gmt":"2021-04-03T10:55:19","slug":"chili","status":"publish","type":"page","link":"https:\/\/coupdecoeurvoyage.com\/index.php\/destinations\/chili\/","title":{"rendered":"CHILI"},"content":{"rendered":"\n<p class=\"has-neve-text-color-color has-nv-light-bg-background-color has-text-color has-background\"><em>Le Chili travers\u00e9 de bas en haut, c&rsquo;est une vari\u00e9t\u00e9 de paysages extraordinaire, et c&rsquo;est se sentir si petit face \u00e0 ceux-ci.<\/em><\/p>\n\n\n\n<hr class=\"wp-block-separator\"\/>\n\n\n\n<div class=\"wp-block-columns is-layout-flex wp-container-core-columns-is-layout-9d6595d7 wp-block-columns-is-layout-flex\">\n<div class=\"wp-block-column is-layout-flow wp-block-column-is-layout-flow\">\n<figure class=\"wp-block-image size-large is-style-rounded\"><a href=\"los-pinguinos--isla-magdalena\"><img data-opt-id=1712856402  fetchpriority=\"high\" decoding=\"async\" width=\"1024\" height=\"681\" src=\"https:\/\/mli5vqtizrdu.i.optimole.com\/w:1024\/h:681\/q:mauto\/f:best\/https:\/\/coupdecoeurvoyage.com\/wp-content\/uploads\/2020\/12\/IslaMagdalena.jpg\" alt=\"Isla Magdalena\" class=\"wp-image-860\" srcset=\"https:\/\/mli5vqtizrdu.i.optimole.com\/w:1024\/h:681\/q:mauto\/f:best\/https:\/\/coupdecoeurvoyage.com\/wp-content\/uploads\/2020\/12\/IslaMagdalena-scaled.jpg 1024w, https:\/\/mli5vqtizrdu.i.optimole.com\/w:300\/h:199\/q:mauto\/f:best\/https:\/\/coupdecoeurvoyage.com\/wp-content\/uploads\/2020\/12\/IslaMagdalena-scaled.jpg 300w, https:\/\/mli5vqtizrdu.i.optimole.com\/w:768\/h:511\/q:mauto\/f:best\/https:\/\/coupdecoeurvoyage.com\/wp-content\/uploads\/2020\/12\/IslaMagdalena-scaled.jpg 768w, https:\/\/mli5vqtizrdu.i.optimole.com\/w:1536\/h:1021\/q:mauto\/f:best\/https:\/\/coupdecoeurvoyage.com\/wp-content\/uploads\/2020\/12\/IslaMagdalena-scaled.jpg 1536w, https:\/\/mli5vqtizrdu.i.optimole.com\/w:1623\/h:1080\/q:mauto\/f:best\/https:\/\/coupdecoeurvoyage.com\/wp-content\/uploads\/2020\/12\/IslaMagdalena-scaled.jpg 2048w\" sizes=\"(max-width: 1024px) 100vw, 1024px\" \/><\/a><figcaption>Los Ping\u00fcinos &#8211; Isla Magdalena<\/figcaption><\/figure>\n<\/div>\n\n\n\n<div class=\"wp-block-column is-layout-flow wp-block-column-is-layout-flow\">\n<figure class=\"wp-block-image size-large is-style-rounded\"><a href=\"torres-del-paine\"><img data-opt-id=1994027198  fetchpriority=\"high\" decoding=\"async\" src=\"https:\/\/mli5vqtizrdu.i.optimole.com\/w:auto\/h:auto\/q:mauto\/f:best\/https:\/\/coupdecoeurvoyage.com\/wp-content\/uploads\/2021\/01\/torres-e1613576365764.jpg\" alt=\"Torres del Paine\"\/><\/a><figcaption>Torres del Paine<\/figcaption><\/figure>\n<\/div>\n\n\n\n<div class=\"wp-block-column is-layout-flow wp-block-column-is-layout-flow\">\n<figure class=\"wp-block-image size-large is-style-rounded\"><a href=\"parc-patagonia\"><img data-opt-id=1292880901  fetchpriority=\"high\" decoding=\"async\" width=\"1024\" height=\"681\" src=\"https:\/\/mli5vqtizrdu.i.optimole.com\/w:1024\/h:681\/q:mauto\/f:best\/https:\/\/coupdecoeurvoyage.com\/wp-content\/uploads\/2020\/12\/ParcPatagonia.jpg\" alt=\"Parc Pataginia\" class=\"wp-image-873\" srcset=\"https:\/\/mli5vqtizrdu.i.optimole.com\/w:1024\/h:681\/q:mauto\/f:best\/https:\/\/coupdecoeurvoyage.com\/wp-content\/uploads\/2020\/12\/ParcPatagonia-scaled.jpg 1024w, https:\/\/mli5vqtizrdu.i.optimole.com\/w:300\/h:199\/q:mauto\/f:best\/https:\/\/coupdecoeurvoyage.com\/wp-content\/uploads\/2020\/12\/ParcPatagonia-scaled.jpg 300w, https:\/\/mli5vqtizrdu.i.optimole.com\/w:768\/h:511\/q:mauto\/f:best\/https:\/\/coupdecoeurvoyage.com\/wp-content\/uploads\/2020\/12\/ParcPatagonia-scaled.jpg 768w, https:\/\/mli5vqtizrdu.i.optimole.com\/w:1536\/h:1021\/q:mauto\/f:best\/https:\/\/coupdecoeurvoyage.com\/wp-content\/uploads\/2020\/12\/ParcPatagonia-scaled.jpg 1536w, https:\/\/mli5vqtizrdu.i.optimole.com\/w:1623\/h:1080\/q:mauto\/f:best\/https:\/\/coupdecoeurvoyage.com\/wp-content\/uploads\/2020\/12\/ParcPatagonia-scaled.jpg 2048w\" sizes=\"(max-width: 1024px) 100vw, 1024px\" \/><\/a><figcaption>Parc Patagonia<\/figcaption><\/figure>\n<\/div>\n<\/div>\n\n\n\n<div class=\"wp-block-columns is-layout-flex wp-container-core-columns-is-layout-9d6595d7 wp-block-columns-is-layout-flex\">\n<div class=\"wp-block-column is-layout-flow wp-block-column-is-layout-flow\">\n<figure class=\"wp-block-image size-large is-style-rounded\"><a href=\"cavernes-de-marbre-puerto-rio-tranquilo\"><img data-opt-id=2120026505  data-opt-src=\"https:\/\/mli5vqtizrdu.i.optimole.com\/w:1024\/h:681\/q:mauto\/f:best\/http:\/\/coupdecoeurvoyage.com\/wp-content\/uploads\/2020\/12\/PuertoRioTranquilo.jpg\"  decoding=\"async\" width=\"1024\" height=\"681\" src=\"https:\/\/mli5vqtizrdu.i.optimole.com\/w:1024\/h:681\/q:eco\/f:best\/http:\/\/coupdecoeurvoyage.com\/wp-content\/uploads\/2020\/12\/PuertoRioTranquilo.jpg\" alt=\"Puerto Rio Tranquilo\" class=\"wp-image-861\" old-srcset=\"https:\/\/mli5vqtizrdu.i.optimole.com\/w:1024\/h:681\/q:mauto\/f:best\/https:\/\/coupdecoeurvoyage.com\/wp-content\/uploads\/2020\/12\/PuertoRioTranquilo-scaled.jpg 1024w, https:\/\/mli5vqtizrdu.i.optimole.com\/w:300\/h:199\/q:mauto\/f:best\/https:\/\/coupdecoeurvoyage.com\/wp-content\/uploads\/2020\/12\/PuertoRioTranquilo-scaled.jpg 300w, https:\/\/mli5vqtizrdu.i.optimole.com\/w:768\/h:511\/q:mauto\/f:best\/https:\/\/coupdecoeurvoyage.com\/wp-content\/uploads\/2020\/12\/PuertoRioTranquilo-scaled.jpg 768w, https:\/\/mli5vqtizrdu.i.optimole.com\/w:1536\/h:1021\/q:mauto\/f:best\/https:\/\/coupdecoeurvoyage.com\/wp-content\/uploads\/2020\/12\/PuertoRioTranquilo-scaled.jpg 1536w, https:\/\/mli5vqtizrdu.i.optimole.com\/w:1623\/h:1080\/q:mauto\/f:best\/https:\/\/coupdecoeurvoyage.com\/wp-content\/uploads\/2020\/12\/PuertoRioTranquilo-scaled.jpg 2048w\" \/><noscript><img data-opt-id=2120026505  decoding=\"async\" width=\"1024\" height=\"681\" src=\"https:\/\/mli5vqtizrdu.i.optimole.com\/w:1024\/h:681\/q:mauto\/f:best\/http:\/\/coupdecoeurvoyage.com\/wp-content\/uploads\/2020\/12\/PuertoRioTranquilo.jpg\" alt=\"Puerto Rio Tranquilo\" class=\"wp-image-861\" srcset=\"https:\/\/mli5vqtizrdu.i.optimole.com\/w:1024\/h:681\/q:mauto\/f:best\/https:\/\/coupdecoeurvoyage.com\/wp-content\/uploads\/2020\/12\/PuertoRioTranquilo-scaled.jpg 1024w, https:\/\/mli5vqtizrdu.i.optimole.com\/w:300\/h:199\/q:mauto\/f:best\/https:\/\/coupdecoeurvoyage.com\/wp-content\/uploads\/2020\/12\/PuertoRioTranquilo-scaled.jpg 300w, https:\/\/mli5vqtizrdu.i.optimole.com\/w:768\/h:511\/q:mauto\/f:best\/https:\/\/coupdecoeurvoyage.com\/wp-content\/uploads\/2020\/12\/PuertoRioTranquilo-scaled.jpg 768w, https:\/\/mli5vqtizrdu.i.optimole.com\/w:1536\/h:1021\/q:mauto\/f:best\/https:\/\/coupdecoeurvoyage.com\/wp-content\/uploads\/2020\/12\/PuertoRioTranquilo-scaled.jpg 1536w, https:\/\/mli5vqtizrdu.i.optimole.com\/w:1623\/h:1080\/q:mauto\/f:best\/https:\/\/coupdecoeurvoyage.com\/wp-content\/uploads\/2020\/12\/PuertoRioTranquilo-scaled.jpg 2048w\" sizes=\"(max-width: 1024px) 100vw, 1024px\" \/></noscript><\/a><figcaption>Cavernes de marbre &#8211; Puerto Rio Tranquilo<\/figcaption><\/figure>\n<\/div>\n\n\n\n<div class=\"wp-block-column is-layout-flow wp-block-column-is-layout-flow\">\n<figure class=\"wp-block-image size-large is-style-rounded\"><a href=\"ile-de-paques\"><img data-opt-id=1487116628  data-opt-src=\"https:\/\/mli5vqtizrdu.i.optimole.com\/w:auto\/h:auto\/q:mauto\/f:best\/https:\/\/coupdecoeurvoyage.com\/wp-content\/uploads\/2020\/12\/IleDePaques-scaled-e1613576471547.jpg\"  decoding=\"async\" src=\"https:\/\/mli5vqtizrdu.i.optimole.com\/w:auto\/h:auto\/q:eco\/f:best\/https:\/\/coupdecoeurvoyage.com\/wp-content\/uploads\/2020\/12\/IleDePaques-scaled-e1613576471547.jpg\" alt=\"Ile de P\u00e2ques\"\/><noscript><img data-opt-id=1487116628  decoding=\"async\" src=\"https:\/\/mli5vqtizrdu.i.optimole.com\/w:auto\/h:auto\/q:mauto\/f:best\/https:\/\/coupdecoeurvoyage.com\/wp-content\/uploads\/2020\/12\/IleDePaques-scaled-e1613576471547.jpg\" alt=\"Ile de P\u00e2ques\"\/></noscript><\/a><figcaption>Ile de P\u00e2ques<\/figcaption><\/figure>\n<\/div>\n\n\n\n<div class=\"wp-block-column is-layout-flow wp-block-column-is-layout-flow\">\n<figure class=\"wp-block-image size-large is-style-rounded\"><a href=\"santiago-de-chile\"><img data-opt-id=2083044808  data-opt-src=\"https:\/\/mli5vqtizrdu.i.optimole.com\/w:auto\/h:auto\/q:mauto\/f:best\/https:\/\/coupdecoeurvoyage.com\/wp-content\/uploads\/2020\/12\/SantiagoDeChile-scaled-e1613576520874.jpg\"  decoding=\"async\" src=\"https:\/\/mli5vqtizrdu.i.optimole.com\/w:auto\/h:auto\/q:eco\/f:best\/https:\/\/coupdecoeurvoyage.com\/wp-content\/uploads\/2020\/12\/SantiagoDeChile-scaled-e1613576520874.jpg\" alt=\"Santiago\"\/><noscript><img data-opt-id=2083044808  decoding=\"async\" src=\"https:\/\/mli5vqtizrdu.i.optimole.com\/w:auto\/h:auto\/q:mauto\/f:best\/https:\/\/coupdecoeurvoyage.com\/wp-content\/uploads\/2020\/12\/SantiagoDeChile-scaled-e1613576520874.jpg\" alt=\"Santiago\"\/></noscript><\/a><figcaption>Santiago de Chile<\/figcaption><\/figure>\n<\/div>\n<\/div>\n\n\n\n<div class=\"wp-block-columns is-layout-flex wp-container-core-columns-is-layout-9d6595d7 wp-block-columns-is-layout-flex\">\n<div class=\"wp-block-column is-layout-flow wp-block-column-is-layout-flow\">\n<figure class=\"wp-block-image size-large is-style-rounded\"><a href=\"valparaiso\"><img data-opt-id=1186476975  data-opt-src=\"https:\/\/mli5vqtizrdu.i.optimole.com\/w:auto\/h:auto\/q:mauto\/f:best\/https:\/\/coupdecoeurvoyage.com\/wp-content\/uploads\/2020\/12\/Valparaiso-scaled-e1613576561694.jpg\"  decoding=\"async\" src=\"https:\/\/mli5vqtizrdu.i.optimole.com\/w:auto\/h:auto\/q:eco\/f:best\/https:\/\/coupdecoeurvoyage.com\/wp-content\/uploads\/2020\/12\/Valparaiso-scaled-e1613576561694.jpg\" alt=\"Valparaiso\"\/><noscript><img data-opt-id=1186476975  decoding=\"async\" src=\"https:\/\/mli5vqtizrdu.i.optimole.com\/w:auto\/h:auto\/q:mauto\/f:best\/https:\/\/coupdecoeurvoyage.com\/wp-content\/uploads\/2020\/12\/Valparaiso-scaled-e1613576561694.jpg\" alt=\"Valparaiso\"\/></noscript><\/a><figcaption>Valparaiso<\/figcaption><\/figure>\n<\/div>\n\n\n\n<div class=\"wp-block-column is-layout-flow wp-block-column-is-layout-flow\">\n<figure class=\"wp-block-image size-large is-style-rounded\"><a href=\"desert-datacama\"><img data-opt-id=417661317  data-opt-src=\"https:\/\/mli5vqtizrdu.i.optimole.com\/w:auto\/h:auto\/q:mauto\/f:best\/https:\/\/coupdecoeurvoyage.com\/wp-content\/uploads\/2020\/12\/Atacama-scaled-e1613576593246.jpg\"  decoding=\"async\" src=\"https:\/\/mli5vqtizrdu.i.optimole.com\/w:auto\/h:auto\/q:eco\/f:best\/https:\/\/coupdecoeurvoyage.com\/wp-content\/uploads\/2020\/12\/Atacama-scaled-e1613576593246.jpg\" alt=\"Atacama\"\/><noscript><img data-opt-id=417661317  decoding=\"async\" src=\"https:\/\/mli5vqtizrdu.i.optimole.com\/w:auto\/h:auto\/q:mauto\/f:best\/https:\/\/coupdecoeurvoyage.com\/wp-content\/uploads\/2020\/12\/Atacama-scaled-e1613576593246.jpg\" alt=\"Atacama\"\/></noscript><\/a><figcaption>D\u00e9sert d&rsquo;Atacama<\/figcaption><\/figure>\n<\/div>\n\n\n\n<div class=\"wp-block-column is-layout-flow wp-block-column-is-layout-flow\"><\/div>\n<\/div>\n","protected":false},"excerpt":{"rendered":"<p>Le Chili travers\u00e9 de bas en haut, c&rsquo;est une vari\u00e9t\u00e9 de paysages extraordinaire, et c&rsquo;est se sentir si petit face \u00e0 ceux-ci.<\/p>\n","protected":false},"author":1,"featured_media":0,"parent":1008,"menu_order":0,"comment_status":"closed","ping_status":"closed","template":"","meta":{"neve_meta_sidebar":"full-width","neve_meta_container":"","neve_meta_enable_content_width":"on","neve_meta_content_width":100,"neve_meta_title_alignment":"","neve_meta_author_avatar":"","neve_post_elements_order":"","neve_meta_disable_header":"","neve_meta_disable_footer":"","neve_meta_disable_title":"","_themeisle_gutenberg_block_has_review":false,"footnotes":""},"class_list":["post-865","page","type-page","status-publish","hentry"],"jetpack_sharing_enabled":true,"_links":{"self":[{"href":"https:\/\/coupdecoeurvoyage.com\/index.php\/wp-json\/wp\/v2\/pages\/865","targetHints":{"allow":["GET"]}}],"collection":[{"href":"https:\/\/coupdecoeurvoyage.com\/index.php\/wp-json\/wp\/v2\/pages"}],"about":[{"href":"https:\/\/coupdecoeurvoyage.com\/index.php\/wp-json\/wp\/v2\/types\/page"}],"author":[{"embeddable":true,"href":"https:\/\/coupdecoeurvoyage.com\/index.php\/wp-json\/wp\/v2\/users\/1"}],"replies":[{"embeddable":true,"href":"https:\/\/coupdecoeurvoyage.com\/index.php\/wp-json\/wp\/v2\/comments?post=865"}],"version-history":[{"count":29,"href":"https:\/\/coupdecoeurvoyage.com\/index.php\/wp-json\/wp\/v2\/pages\/865\/revisions"}],"predecessor-version":[{"id":2984,"href":"https:\/\/coupdecoeurvoyage.com\/index.php\/wp-json\/wp\/v2\/pages\/865\/revisions\/2984"}],"up":[{"embeddable":true,"href":"https:\/\/coupdecoeurvoyage.com\/index.php\/wp-json\/wp\/v2\/pages\/1008"}],"wp:attachment":[{"href":"https:\/\/coupdecoeurvoyage.com\/index.php\/wp-json\/wp\/v2\/media?parent=865"}],"curies":[{"name":"wp","href":"https:\/\/api.w.org\/{rel}","templated":true}]}}